- 10*t + 5*t. Let z be r(5). What is the highest common factor of z and 1?
1
Suppose -5*f - 67 = -512. Calculate the greatest common divisor of 89 and f.
89
Let j(x) = 154*x - 11. Let a be j(1). Calculate the highest common factor of a and 26.
13
Let g = -82 + 91. Suppose -10*z = -g*z - 14. Suppose 3*l - 23 - 19 = 0. What is the greatest common factor of z and l?
14
Suppose -3*y - 15 = -8*y. Suppose -5*d = g - 2 - 5, 0 = -y*d - g + 3. Let s = 46 - 32. Calculate the greatest common factor of s and d.
2
Suppose 0 = -2*x - 4*h + 140, -2*h - 211 = -4*x + 69. Let b = x - 50. Let r be (-54)/(-5) + 4/b. Calculate the greatest common divisor of 11 and r.
11
Let v = -1176 - -1185. What is the highest common divisor of v and 201?
3
Suppose 5*o - 16 = 4*z, -4*z = -7*z + 3. Suppose 0 = o*g, 4*c - 5*g = -0*g + 432. What is the highest common factor of 72 and c?
36
Suppose -5*d - 701 = -3*y + 428, y + 2*d - 380 = 0. What is the highest common divisor of y and 14?
14
Let n(d) = -14*d**2 - 12 + 3*d**3 - 2*d**3 + 3*d - 13*d. Let a be n(16). What is the highest common factor of a and 34?
34
Suppose -11*g - 44 = -275. What is the highest common factor of 231 and g?
21
Let u be (2 - (-17)/(-2))/(0 + 3/(-6)). Let y(p) = 6*p**2 + 6*p. Let l be y(-4). Let q = l - 20. Calculate the greatest common divisor of u and q.
13
Let d(u) = u**3 + 4*u**2 + 6. Let k be d(-4). Suppose -k*t = -t - 100. Let r be ((-162)/45)/((-1)/t). Calculate the greatest common divisor of 8 and r.
8
Suppose -9*r - 10*r + 76 = 0. What is the greatest common factor of 16 and r?
4
Suppose -u + 5*u - 20 = 0. Suppose -3*y = -u*k - 87, 5*k - 84 = -4*y + k. Let g = 7 + 29. What is the greatest common divisor of g and y?
12
Let n = 30 - 19. Suppose 9 = -f + n. What is the greatest common factor of f and 3?
1
Let k(b) = -b**3 - 13*b**2 + 16*b + 30. Let a be k(-14). Calculate the highest common factor of 2 and a.
2
Suppose 3*f + 0*c - 146 = 2*c, 3 = -3*c. What is the highest common divisor of f and 80?
16
Let f = -8 + 10. Let x be (-3)/((-4)/((-40)/(-15))). Let c be -1 - x/(f/(-3)). What is the greatest common factor of c and 22?
2
Suppose 0 = 19*y - 25*y + 6. Calculate the greatest common factor of y and 72.
1
Let w(i) = -2*i - 5. Let l be w(-5). Let m be 26/4*(-10)/(-5). Let k be 22 - (m/65 - (-9)/5). What is the greatest common factor of l and k?
5
Let g(a) = 2*a + 28*a**2 + 5 - 25*a**2 + a**3 - 6*a. Let w be g(-4). Calculate the highest common factor of w and 25.
5
Let k be 512/4 + (-11 - -5 - -4). Calculate the highest common divisor of k and 14.
14
Let d(u) = u**2 - 1. Let r be d(1). Suppose r = -t - 2*t + 18. Let c be 45 - (-12)/(-3 - -7). Calculate the highest common factor of c and t.
6
Suppose 0 = -5*h - t + 20, -4*h + 2*t - t = -25. Suppose h*r - 14 = 1. Suppose r*y - 4 - 86 = 0. Calculate the greatest common divisor of y and 5.
5
Suppose -2*y - l = -3, -3*y + 4*l = -4 + 5. Let o(a) = a**3 + 17*a**2 + 2*a + 50. Let t be o(-17). What is the greatest common divisor of t and y?
1
Let k = 2140 - 1734. What is the greatest common divisor of k and 56?
14
Let v be (-3)/((-2)/(-16)*2*4). Let m be ((-6)/v)/(-2)*-235. Calculate the greatest common divisor of m and 47.
47
Let n = -395 + 452. What is the highest common divisor of 6 and n?
3
Let o be -2 - 2 - (-22 - 9/(-3)). Calculate the greatest common factor of 285 and o.
15
Let w(n) be the first derivative of n**4/4 - 7*n**3/3 + 4*n**2 - 5*n + 9. Let c be w(6). Calculate the greatest common divisor of 21 and c.
7
Suppose -r = l - 123, -5*r + 449 + 154 = 2*l. Calculate the highest common divisor of 51 and r.
17
Let v = 2 + 5. Let a(q) be the third derivative of -q**4/24 + 7*q**3/3 - q**2. Let g be a(0). What is the highest common factor of g and v?
7
Suppose -10115 - 7210 = -33*k. What is the highest common divisor of 21 and k?
21
Let u(h) = h**2 - 6*h - 3. Let s be u(7). Suppose -s*l - 4 = 2*d, -1 = 3*l + 4*d + 7. Suppose l = k - 0*k - 2. What is the highest common divisor of k and 2?
2
Let t be (-31)/(-4) - 3/12*-1. Let i(v) = v**2 - 2*v - 6. Let j be i(t). Calculate the greatest common factor of 14 and j.
14
Suppose b + s = -40, 0 = 3*b + 2*b + 3*s + 190. Let n be ((-308)/b)/(-2 + (-36)/(-15)). What is the greatest common divisor of n and 22?
22
Suppose 492*p - 220 = 487*p. Let z be 3*(-2 - (-28)/3). Calculate the greatest common factor of p and z.
22
Suppose 82*v - 8487 = -2173. What is the greatest common factor of v and 91?
7
Suppose 0 = 33*x - 28*x - 35. Suppose 0*j - 7*j = x. Let b be -4 + 1 + 20 - j. What is the greatest common divisor of 12 and b?
6
Let v be (-40)/(-200) + 139/5. What is the greatest common divisor of 434 and v?
14
Let d(v) = -v**3 - 5*v**2 - 19. Let h be d(-5). Let z(q) = q + 65. Let b be z(h). Calculate the highest common divisor of 23 and b.
23
Suppose -5*c + 60 = 2*m - 0*c, -c - 177 = -5*m. Calculate the greatest common factor of m and 49.
7
Suppose 2*m = m. Suppose 4*f - 3 - 9 = m. Suppose 0 = f*t - 6*t + 210. Calculate the highest common factor of 28 and t.
14
Let i(o) = 4*o - 23. Let f be i(4). Let b(n) = -2*n - 11. Let v be b(f). What is the highest common factor of 15 and v?
3
Suppose 0 = 3*w + t - 6*t - 50, 0 = t + 4. Let z = 1 + 3. Calculate the highest common divisor of z and w.
2
Suppose 0 = 3*z - 3, z = -4*i + 145. Let y = 47 + -67. Let v be 768/y*(-15)/2. What is the greatest common divisor of v and i?
36
Let i be (-13 - -17) + (95 - -1). Let p = 125 + i. What is the greatest common factor of 25 and p?
25
Let o(c) = -c**2 + 15*c - 39. Let z be o(9). Calculate the greatest common factor of z and 205.
5
Suppose 66 - 6 = 3*o. Let n = -26 + 86. Calculate the greatest common divisor of o and n.
20
Suppose 21 = -6*o + 87. Let a = 75 + -20. Calculate the highest common divisor of a and o.
11
Suppose 2*r = 10, -2*i - i + 58 = -r. Let b be (-4)/3*i/(-2). Suppose 0 = 655*v - 299*v - 49840. Calculate the greatest common divisor of b and v.
14
Let p(d) = d**3 + 7*d**2 + 7*d. Let q be p(-6). Let n = 9 + q. Suppose 0 = 5*l - 25, -n*j + 2*l - 56 = -238. What is the greatest common divisor of j and 16?
16
Suppose -31*r + 1941 = 1724. Suppose -3*y = 3*b - 4*y - 193, 3*b = -3*y + 177. What is the greatest common divisor of r and b?
7
Let f be (-9)/120*-10 + (-314)/(-8). What is the greatest common divisor of f and 20?
20
Let w(p) = p**2 - 14*p - 10. Let q be w(11). Let n = -22 - q. Suppose -6*s + 27 + 351 = 0. What is the highest common factor of s and n?
21
Suppose -75 = -5*t - 5*f + 225, -2*f - 8 = 0. Calculate the greatest common factor of t and 16.
16
Let i(t) = -3*t + 3. Let p(u) = -u. Let m be p(3). Let o be i(m). Suppose -3*x = v + 9, -3*v - 7*x + 4*x = -3. Calculate the highest common factor of v and o.
6
Let o be (23 - -6) + (4 - 1). Suppose -3*i = -28 - 116. Calculate the greatest common divisor of i and o.
16
Let g = -909 - -1009. What is the highest common divisor of 250 and g?
50
Let b be 0 + -1 + 1 + (4 - 0). Let w = 4 + b. Calculate the greatest common factor of 4 and w.
4
Let h(f) = -2*f**3 - 2*f**2 + 4*f + 4. Let u be ((-6)/8)/3 + (-11)/4. Let n be h(u). Calculate the highest common factor of 70 and n.
14
Suppose -5*u = 0, 4*d = 6*u - u + 20. What is the greatest common factor of 5 and d?
5
Suppose -4310 = -56*y - 278. Calculate the highest common factor of 360 and y.
72
Suppose 0 = 3*d - 80 + 8. Let r(j) = j**2 + 8*j - 6. Let q be (6/(-10))/(1/15). Let m be r(q). Calculate the greatest common factor of m and d.
3
Let a = -13 - -178. Suppose -3*d - 3*v = a, -3*d + 3*v - 4*v = 171. Let y = d + 114. Calculate the highest common divisor of 7 and y.
7
Let z = -29 - -26. Let h be -4 + ((-246)/z - 0). Suppose 0 = -6*s + 3*s + 78. Calculate the highest common divisor of h and s.
26
Let o be (42 + -42)/((0 - 0) + -2). Let u be -4 - (2 - 215 - o). What is the greatest common divisor of 11 and u?
11
Let q(l) be the second derivative of l**4/12 - l**3/3 - 2*l**2 + 2*l. Let s = 79 - 81. Let c be q(s). Calculate the greatest common divisor of c and 44.
4
Suppose 2*v = s + 11763, s + 27644 = 3*v + 10001. What is the highest common factor of v and 24?
24
Let f = -2071 + 2101. What is the greatest common divisor of 670 and f?
10
Let q be ((-6)/(-8))/((-111)/74)*-598. What is the highest common divisor of q and 26?
13
Suppose